et d(z) = -z - 26. Let k be d(-10). Suppose 0*m = 4*m - 108. Let w = m + k. List the prime factors of w.
11
Suppose -147 + 2391 = 11*j. List the prime factors of j.
2, 3, 17
Let h be -16*(1 - 2) + 0. List the prime factors of (11/2)/(8/h).
11
Suppose 5*q + 11 = -2*g, -2*g = -2*q - 0 - 10. Suppose -k = -g*k + 3. List the prime factors of k.
3
Suppose -4*r = -2*w, 4*w = -4*r + 2*r + 20. List the prime factors of (1 + r)/(3/8).
2
What are the prime factors of 2/(-7) + (-1270)/(-35)?
2, 3
Let o be -2 - (-3)/((-9)/(-12)). Suppose o*v + 1 = v. Let z = 10 - v. List the prime factors of z.
11
Let l = -30 - -69. What are the prime factors of l?
3, 13
Suppose -2*x + 260 = 5*i - 314, 0 = 4*x + i - 1112. List the prime factors of x.
277
Let j = 51 + -41. What are the prime factors of j?
2, 5
Suppose v + 11 = 2*g, 2*g - 2*v - 2 = 14. Let y(m) = 2*m**2 - 5*m + 4. Let f be y(g). List the prime factors of 14/4 - f/14.
3
Suppose -5*l = -0*j + 3*j + 5, -4*j + 4 = 4*l. Suppose j*w - 3*p - 134 = 0, 17 + 17 = w - 3*p. Suppose 0*q = 5*q - w. List the prime factors of q.
5
Suppose -3*t - 12 = 0, -204 = -2*f - 3*f + t. List the prime factors of f.
2, 5
Suppose 0 = z + 5 - 23. What are the prime factors of 140/z - (-6)/27?
2
Let r = 30 + -22. What are the prime factors of r?
2
Let p(y) = 2*y**2 - 5*y - 1. What are the prime factors of p(-4)?
3, 17
Let p(y) = y**3 - 8*y**2 + 8*y - 10. Let w be p(7). Let u be (-1)/2*-18 - w. Let r = u + -1. What are the prime factors of r?
11
Suppose -v - 12 + 42 = 0. What are the prime factors of v?
2, 3, 5
Let t(f) be the third derivative of f**6/120 - 3*f**5/20 + 3*f**4/8 + 11*f**3/6 - 2*f**2. List the prime factors of t(8).
19
Let r(p) = -p**2 + 8*p + 11. Let s be r(9). Let h(v) = 5*v**2 + 1. What are the prime factors of h(s)?
3, 7
Suppose -4*p + 3*w + 135 = 0, 2*p - w = -2*p + 141. What are the prime factors of p?
2, 3
Suppose -5*i + q = 5*q - 567, 4*i = -3*q + 453. Suppose y = 5*c + 3*y - 184, 3*c + y = i. What are the prime factors of c?
2, 19
Suppose 119 = 4*p + 3*m, -2*m - 4 = 2. List the prime factors of p.
2
Let p(t) = -2*t**2 + t - 5. Let i be p(5). Let k be (i/4)/(1/(-2)). Suppose -4*y + 9 = q, -4 = 3*y - 4*q - k. List the prime factors of y.
3
Let u(m) = -m**2 - 10*m + 5. Let g be u(-10). Suppose 89 + 71 = g*f. List the prime factors of f.
2
Let m(u) = u**2 + 10*u + 2. Let k be m(-9). Let t be (-932)/(-28) + 2/k. Suppose -t = -4*q - o, 3*q + 2*o - 24 = 7. What are the prime factors of q?
7
Suppose 0 = -2*s + 7*s - 30. Let j(q) = -q**3 - 3*q**2 + 5*q + 5. Let z be j(-4). What are the prime factors of (z + -3)*s/(-2)?
2, 3
Suppose 2*i = -3*u - 8 - 3, -2*u - 4*i = 10. Let g = u + 2. Let c(s) = 3*s**2 - 2*s - 1. List the prime factors of c(g).
2
Let q be -15 - -2 - (-1 + -3). List the prime factors of 12/8*(-186)/q.
31
Let x = 147 + -52. List the prime factors of x.
5, 19
Suppose 5*k = 3*q + 2*q - 195, -k + 117 = 3*q. Let i(u) = u**2 + 3*u. Let s be i(-4). Suppose -s*b - 11 = -q. List the prime factors of b.
7
Let h(x) = -68*x + 8. What are the prime factors of h(-2)?
2, 3
Let b(t) be the third derivative of -t**5/60 - 11*t**4/24 + t**3/6 - t**2. Let i be b(-10). Suppose -c = -0*c - i. What are the prime factors of c?
11
Let l = -7 + 3. Let a be (-475)/(-9) + l/(-18). What are the prime factors of a/5 + 2/5?
11
Let b(l) = -l**2 - 10*l - 3. Let m be b(-10). Let z(j) = j + 7. What are the prime factors of z(m)?
2
Let b(h) = -h**2 + 3*h - 4. Let n be b(4). Let j = n + 25. Suppose 5*x - 35 = -5*f, -j - 17 = -5*x - 4*f. What are the prime factors of x?
2, 3
Let y be 8/(-20) + (-37)/(-5). Let o = -3 + y. Suppose 0 = -q + o + 1. List the prime factors of q.
5
Let x be (-1)/(-2) + 3/6. Suppose -x = -2*g - 33. List the prime factors of (-12)/18 + g/(-6).
2
Let a(t) = t**3 + 2*t**2 - 4*t - 1. Let r be a(-3). Suppose 2*q = 7*q + z + 5, -2*q - 2 = -r*z. List the prime factors of 7*1 + q + 0.
2, 3
List the prime factors of 67 + 2/(-4 + 2).
2, 3, 11
Suppose c + 3*y = -483, -5*c + 0*y = 2*y + 2428. Let j be 9/(-15) + c/(-10). Suppose -2*w = -6*w + j. List the prime factors of w.
2, 3
Let w be (2 - -3)*(-1)/(-5). List the prime factors of 2/(-4)*-2 + w.
2
Suppose -12 + 37 = -5*c, -u = -2*c + 4. Let h = 24 + u. Suppose -2*a + 3 = 3*k - 11, 4*a - 3*k - h = 0. What are the prime factors of a?
2
Let k(u) = 5 + 2*u - u**2 + 3*u**2 - 8 - u**2. What are the prime factors of k(-5)?
2, 3
Let t(a) = -2*a + 1. Let j = -10 + 23. Suppose 5*q = -0*q + 4*w - j, -w - 23 = 4*q. List the prime factors of t(q).
11
Suppose 6*c - 1383 - 447 = 0. List the prime factors of c.
5, 61
Let u be ((-3)/4)/(2/8). What are the prime factors of (1 - -13)/(-2 - u)?
2, 7
Let z(q) = q. Let v be z(6). Let w = 13 - v. List the prime factors of w.
7
Let o(u) be the first derivative of 1/3*u**3 + u**2 - 5*u + 1. List the prime factors of o(-4).
3
Let i be 1 + -1 + -2 - 1. Let g(d) = -3*d**2 - 6*d + 2. Let n be g(-2). List the prime factors of (n/8)/(i/(-156)).
13
Let g = 94 - 52. What are the prime factors of g?
2, 3, 7
Suppose 1 = 2*d + 3*v, 3*d = -0*v + 5*v + 11. Suppose -41 = -d*x + 37. What are the prime factors of x?
3, 13
Let w(h) = -12*h - 8. Let y be w(-6). Suppose 5*x - y = 3*v, 2*v + 6 = 2*x - 18. What are the prime factors of x?
2, 7
Let l = 10 - 4. Let k(h) = h - 4*h + l*h - h - 3. What are the prime factors of k(4)?
5
Let v(w) = -w**3 - 11*w**2 - 4*w - 27. What are the prime factors of v(-11)?
17
Let k be 3 + -7*(-1 - -2). List the prime factors of -2*33/24*k.
11
Let f(l) be the third derivative of -l**5/60 + 5*l**4/8 - 2*l**3 + l**2. What are the prime factors of f(8)?
2, 11
Let d(p) be the second derivative of 13*p**3/6 + p**2/2 - 3*p. What are the prime factors of d(2)?
3
Let q be -3 + -2 + (10 - 2). Suppose -q*t - t = -124. List the prime factors of t.
31
Let v(k) = 9*k**2 + k - 1. What are the prime factors of v(1)?
3
Let m = 4 + -4. Suppose 5*r + 4*g = m, 2*r + 11 = -4*g - 1. Suppose 0 = o + r - 15. List the prime factors of o.
11
Suppose 20 = -4*x, b = -4*b + 4*x + 245. List the prime factors of b.
3, 5
Let c = -5 - -6. Let v(h) = -h**2 + 5*h + 6. Let y be v(6). List the prime factors of 11 + (y - c)*1.
2, 5
Suppose 4*s - 5*s = -33. What are the prime factors of s?
3, 11
Let w be ((-1)/3)/((-4)/(-444)). Let y = w - -53. What are the prime factors of y?
2
Let n(m) be the third derivative of m**5/60 - m**4/24 + 5*m**2. What are the prime factors of n(-1)?
2
Let s be (0 + (-103)/3)*-6. Let h = -131 + s. Suppose -t + 6*t - h = 0. List the prime factors of t.
3, 5
Suppose 2*d = 12 + 2. Suppose -p = i - 2*p - d, 4*p = -3*i. What are the prime factors of i?
2
Let z = -1 - -1. Let o(x) be the first derivative of x**4/4 + x**3/3 - x**2/2 + 2*x - 8. List the prime factors of o(z).
2
Let k be -1 - (-116 - 1) - 0. Suppose -14 = -5*i + k. Suppose -i = -5*d + 34. List the prime factors of d.
2, 3
Let l(s) = -s**2 + 7*s - 8. Let t be l(8). List the prime factors of (-9)/(-4) - (-4)/t.
2
Let s = 9 - 8. Let d = s + 22. List the prime factors of d.
23
Let w(t) = t**2 + 8*t - 3. Let o be w(-9). Let k = 14 - o. List the prime factors of k.
2
Let i(o) = -o + 11. What are the prime factors of i(5)?
2, 3
Let w = 21 + -18. List the prime factors of w.
3
Suppose f + 460 = 5*l, 0 = -2*l - 3*l + 3*f + 470. List the prime factors of l.
7, 13
Suppose 7*d - 35 = 4*d - 5*p, -77 = -5*d + p. Suppose w + 2*b - 3*b = 12, -w + d = -4*b. List the prime factors of w.
11
Suppose 3*m - 1348 = -m. List the prime factors of m.
337
Let v(s) = 13*s**2 - s. Let q be v(-1). Let d = q - 9. What are the prime factors of d?
5
Let f = -7 - -19. Suppose 4*i = 2*c + c - 72, 4*i = -3*c + 72. Let y = c - f. List the prime factors of y.
2, 3
Let h = -8 - -22. Suppose -p - h = -5*t, -3*p + 2*t + 6 = 3*t. Let f(l) = 15*l**2 - l + 1. What are the prime factors of f(p)?
3, 5
Let f(b) = -90*b - 12. Let d(t) = 7*t + 1. Let g(c) = 27*d(c) + 2*f(c). List the prime factors of g(4).
3, 13
Suppose -4*v + 118 = 2*s, 5*s - 5*v - 197 = 53. List the prime factors of s.
53
Let v be 282/7 + 2/(-7). Suppose 5*t - 12 = 8, v = 3*k + 4*t. Suppose 48 = -4*w + k*w. List the prime factors of w.
2, 3
Suppose -5*k = -3*t - 2, -5*t - 8 = -4*k - t. Let w be (1 + k)/1 + -3. What are the prime factors of (-38)/w - 15/10?
2
List the prime 